83. What is v(h)?
-14
Let v(g) = g**3 + 5*g**2 - g - 2. Let b be 33 + 1/2*-6 + 0. Let d be (-1)/(-5) + (-126)/b. Calculate v(d).
18
Let v be 27/9*(-10)/3. Let h be 7/(-14) - v/4. Suppose -18 = a - h*m + 6*m, -5*a + 2*m = 24. Let n(c) = -c**3 - 6*c**2 + 6. Determine n(a).
6
Let v(f) = 5*f + 3. Let z(w) = 21*w + 12. Let k(d) = 9*v(d) - 2*z(d). Suppose 2*g - 3*y - 49 = 0, 4*y - 63 = -3*g + 5*y. Let i = g - 17. Determine k(i).
12
Let l(y) = 14*y + 120. Let r be l(-9). Let v(n) = -n**3 - 8*n**2 - 10*n - 8. What is v(r)?
-20
Let l(f) be the second derivative of f**3/6 - 7*f + 5. Let i = -2 - -4. Suppose -i*r + 4*r + 12 = 0. What is l(r)?
-6
Let f = 90 - 89. Let d be 2/5*(f - 11). Let o(r) = r**2 + 2*r - 3. Give o(d).
5
Let q = -28 - -32. Let g(c) = -q + c + 4 - 2. Calculate g(-3).
-5
Let f(x) be the third derivative of -x**6/120 + 11*x**5/30 + x**3 + 3*x**2. Let u be f(22). Let w(g) = g**3 - 6*g**2 - 4*g - 1. Calculate w(u).
-25
Let l(m) = 3*m + 1. Let d(q) = -3*q + 1. Let u = 6 + -5. Let t be d(u). Let x be l(t). Let a(n) = -n + 1. Give a(x).
6
Let z(s) = 5 - 11 - 5*s - 2 + 3 + s. Determine z(6).
-29
Let o = -3 - -5. Let n(d) = -5*d + 2. Let j(q) = -29*q + 13. Let m(b) = -j(b) + 5*n(b). Determine m(o).
5
Let v(t) = t + 1. Let n(w) = w**2 + w. Let c(o) = -4*o**2 + o - 3. Let u(f) = -c(f) - 5*n(f). Let z be u(-6). What is v(z)?
4
Let l = 1245 - 1239. Let o(m) = m**2 - 13*m + 39. What is o(l)?
-3
Let n(r) = 2*r**2 - 5*r + 6. Let o(c) = c**2 + 4*c - 56. Let a be o(6). Give n(a).
18
Let y(l) be the first derivative of l**4/4 - 2*l**3 - 8*l**2 - 4*l - 420. Determine y(8).
-4
Suppose 4*j - 24 = -0*j. Let p(c) be the second derivative of -c**6/720 + c**5/20 + 7*c**4/6 + 10*c. Let b(l) be the third derivative of p(l). Determine b(j).
0
Suppose -4*d - i + 43 = 0, 5*d - 1 - 64 = i. Let c be 2/d + 4/(-24). Let y(k) = -k + 8. What is y(c)?
8
Let q(b) = -b. Suppose -2*k - 4*u - 40 = 0, 0 = -3*k + 5*k + 2*u + 30. What is q(k)?
10
Let y = -8 - -15. Let i(o) = 13*o**2 - 16*o + 1. Let j(f) = -28*f**2 + 34*f - 3. Let k(q) = 13*i(q) + 6*j(q). What is k(y)?
16
Let h(g) = -2*g + 7. Let j(i) = 4*i - 15. Let v(f) = -9*h(f) - 4*j(f). Let o = 26 + -20. Suppose 3*n - o = -3*w, 7 = -4*n + 2*w + 39. Determine v(n).
9
Let v(a) = 25*a**2 - 2*a + 1. Let p(x) = -50*x + 51. Let t be p(1). What is v(t)?
24
Let u(y) = -2*y**2 + 2274*y - 6*y**3 + 5*y**3 - 6 - 2273*y + 3*y**2. What is u(0)?
-6
Let a(t) = 2*t**2 - 13*t - 27. Let n(b) = -3*b**2 + 19*b + 41. Let s(k) = -8*a(k) - 5*n(k). Let g be -10*((-2)/3 - (-26)/(-78)). Determine s(g).
1
Let z(g) = -g**2 + 6*g + 1. Let w(c) = 6*c**3 - c**2 + 5*c + 3. Let m(f) = -7*f**3 + f**2 - 6*f - 2. Let i(d) = 4*m(d) + 5*w(d). Let o be i(0). Calculate z(o).
-6
Let n(k) = -k**3 - 4*k**2 - k + 2. Let i = -32 - -32. Suppose i = v - 19 + 23. Determine n(v).
6
Let z = 51 + -49. Let q(b) = 4 - b**3 - 6*b**z - 5*b**3 + b + 5*b**3. Determine q(-6).
-2
Suppose -5*a + 305 = 5*m, 117 = -a + 3*a - 3*m. Suppose -a*q = -55*q - 25. Let w(u) = 2*u - 5. Calculate w(q).
5
Let p be (-4)/(-14) + ((-816)/28)/4. Let g(o) = -7*o**2 - 6*o - 7. Let k(j) = -6*j**2 - 7*j - 8. Let z(i) = p*g(i) + 6*k(i). Calculate z(-1).
14
Let m(g) = -101*g**2 - g**3 + 1 - 2 + 0*g**3 + 2*g**3 + 100*g**2. Calculate m(-2).
-13
Let a(c) = c**2 - 14*c - 26. Let d be a(16). Suppose 8*n - 5*n - 39 = 0. Let y(z) = -4*z + 2*z - 4 + n. What is y(d)?
-3
Let a(o) be the first derivative of o**4/4 + 5*o**3/3 + 5*o**2/2 + 5*o + 16. Suppose 2*y + 8 = y + 4*x, 4*x - 12 = 2*y. What is a(y)?
1
Let y(o) = o**2 + 4*o + 3. Suppose 6*p = 4*p + 2. Suppose 2*m + 11 = p. Let j be (-18)/8 + m/(-20). What is y(j)?
-1
Let i be 6/(-27) - ((-12)/(-27))/(-2). Let a(z) = z - 6 + 5 + i + 2. Determine a(2).
3
Let r(d) be the first derivative of -d**5/30 + d**4/24 - 2*d**3 + 10. Let b(k) be the third derivative of r(k). Give b(1).
-3
Let q(f) be the third derivative of f**6/720 + 11*f**5/120 - 2*f**4/3 + 8*f**2. Let a(l) be the second derivative of q(l). Determine a(-5).
6
Let o(f) = 2*f + 3. Let q be o(0). Suppose -12 = -5*d + q. Let y(p) = -3*p**2 + 2*p + 1. Let w(s) = 7*s**2 - 5*s - 2. Let g(h) = 4*w(h) + 9*y(h). Give g(d).
4
Let p be (2 + -2 - -1)*1. Let a = 3 + p. Let d(x) = x**3 + 7*x**2 - 3*x - 1. Let g(q) = -2*q**3 - 8*q**2 + 4*q + 1. Let i(b) = -3*d(b) - 2*g(b). Give i(a).
-11
Let s(r) = -r**3 - 4*r**2 - 2*r + 5. Let k be ((-10)/(-10))/(2/((-8)/1)). Calculate s(k).
13
Let m(x) = -x + 11. Suppose q - 2*t = -8, 0*q = 4*q + 4*t - 16. Suppose -4*v + 12 = 3*h, q*h - 6 = -2*v - 2*h. Let a = 2 + v. Determine m(a).
6
Suppose -12 = -3*q, 3*y = -q - 18 - 68. Let r = y + 44. Suppose 2*n - r = -b - 1, 0 = -b + 1. Let x(w) = w**3 - 7*w**2 + 7*w + 3. Calculate x(n).
9
Let w(l) be the third derivative of l**5/10 - l**3/3 - 116*l**2 - 2. Determine w(2).
22
Let k(f) be the second derivative of 3*f**5/20 - 5*f**4/12 + f**3/6 + 2*f**2 + 40*f + 2. What is k(3)?
43
Let d(u) be the first derivative of -u**2/2 - 3*u + 606. Give d(3).
-6
Let t(a) = -3*a**2 + 3*a - 4. Let x(l) = 16*l**2 - 15*l + 21. Let y(m) = 11*t(m) + 2*x(m). Let f(q) = q**2 + 4*q - 7. Let g be f(-6). Calculate y(g).
-12
Suppose -a + 5*v = 2*a + 32, 0 = -4*a + 2*v - 24. Let o(y) = 6*y**2 - 7*y + 4. Let u(j) = 5*j**2 - 6*j + 3. Let n(x) = 6*o(x) - 7*u(x). Give n(a).
19
Let b(m) be the third derivative of -m**6/120 + m**5/10 + m**4/12 - 7*m**3/6 - 4*m**2. Let a be 51/(-9) + (-4)/12. Let q = a + 12. Determine b(q).
5
Let q(u) be the third derivative of u**6/720 - 17*u**5/120 - 4*u**4/3 + 6*u**2. Let h(n) be the second derivative of q(n). What is h(0)?
-17
Let x(v) = v**3 + 16*v**2 + 12*v - 50. Suppose o + 0 = -4*s - 61, 4*o + 79 = -5*s. Give x(s).
-5
Let w(a) be the second derivative of -1/6*a**3 - 1/2*a**2 - 19*a + 0. Calculate w(5).
-6
Let j(z) be the second derivative of z**4/12 - z**3/6 + 3*z**2/2 + 207*z. Determine j(7).
45
Suppose -7*v - 3*l = -5*v + 23, 0 = -2*v - 2*l - 20. Let h(q) be the third derivative of q**4/24 + 4*q**3/3 - 4*q**2. Give h(v).
1
Let d(h) = h**2 - 5*h + 2. Let v be d(7). Suppose -3*z + v = -17. Suppose -4*y + 13 = -z. Let i(o) = o**2 - 9*o + 9. Give i(y).
-9
Suppose j - 14 = -3*u + 10, 0 = -3*u - 5*j + 12. Let m = 14 - u. Let y(r) = -3 - r**2 - 4*r**2 - 2 + r**3. Give y(m).
-5
Let m(o) be the second derivative of -o**3/2 + 5*o**2/2 + 63*o + 5. Determine m(7).
-16
Let p(u) = u**3 + u**2 + u - 9. Let d be (-1)/(-5)*-1 + (-16)/(-80). Determine p(d).
-9
Let s(m) = m**3 + 5*m**2 - 3*m - 3. Let i be s(-3). Let x = i + -22. Let g(z) = 5 + 3*z - 2*z + x + 0. Give g(-7).
0
Suppose -3*r = 3*j + 2 - 11, -r + 11 = 3*j. Let u(z) = 22*z**3 + 2*z + 1. What is u(r)?
-23
Let x(k) = 3*k**2 - 9*k - 6. Let o(l) = -2*l**2 - 1. Let d(g) = o(g) + x(g). What is d(11)?
15
Suppose -25 = 4*d + d. Let z(t) = 4*t - 3*t - 2 + 1 - 3 - 8*t**2 + 9*t**2. Determine z(d).
16
Let d(h) be the first derivative of -h**2/2 + 3*h + 2. Suppose 3*q = 4*q - 7. What is d(q)?
-4
Let p(a) be the second derivative of a**5/20 - 5*a**4/12 + 5*a**3/6 - a**2 - 274*a. Suppose -3*q + 0*q = -12. Calculate p(q).
2
Suppose -3*j - 19 = -4*k, 2*j = 4*j - 2*k + 12. Let o(z) be the second derivative of z**3/6 - z**2 + 2*z + 83. Give o(j).
-7
Let k(f) = -8*f - 3. Suppose -4*o + 1 = -3*b, 0 = 6*o - 7*o - b - 5. Determine k(o).
13
Let t(z) = -z**2 + 4*z + 3. Let v(h) = h**3 + 10*h**2 + 9*h + 4. Let n be v(-9). Let f be t(n). Let o(k) = k**2 - 4*k + 1. Determine o(f).
-2
Let w(o) be the first derivative of -o**4/4 - 7*o**3/3 + 9*o**2/2 + 11*o + 6. Let q be w(-8). Let z(l) = -l + q - 4 - 2. Determine z(-2).
-1
Suppose -34 = -6*w + 20. Let q(x) = -4*x**2 - 9*x. Let h(s) = 2*s**2 + 4*s. Let t(k) = w*h(k) + 4*q(k). Calculate t(-1).
2
Let d be ((-39)/9 - -2)/(6/(-18)). Let q(l) = 60*l**2 - 4 - l**3 - 51*l**2 - d*l - 4. Give q(8).
0
Let s be 0/(-2)*(-5)/10. Let b(q) be the second derivative of 1/20*q**5 - 2*q**2 + 0 + 1/6*q**3 + 1/12*q**4 - 9*q. Determine b(s).
-4
Let x(d) = 3 - d**2 + d**2 - d**2 - 3*d. Suppose -l - 6*l + 14 = 0. Suppose 4*j = l*j - 8. Give x(j).
-1
Let s(i) = -i**2 - 12*i - 21. Let q = -491 - -482. Give s(q).
6
Let z(j) = j - 1. Suppose 4*u + 2 = -k, 12*k - 33 = 17*k - 3*u. Give z(k).
-7
Let r(c) = -c**3 + 11*c**2 + 4*c - 27. Let q(j) = j**3 - 17*j**2 - 10*j - 133. Let z be q(18). What is r(z)?